
In base 3, what is -120010022022011110 + -1?
-120010022022011111
In base 15, what is cc763b - -4?
cc7640
In base 13, what is 2ac2ba + 3?
2ac2c0
In base 4, what is 2202032 + 2223321?
11032013
In base 11, what is -7aa6 + -18324?
-2531a
In base 6, what is 224255 - -22532?
251231
In base 12, what is 92b824 - 155?
92b68b
In base 2, what is 110111 - 111011011010011100111?
-111011011010010110000
In base 5, what is -10214342331 - 1?
-10214342332
In base 13, what is -1548 + 1984?
439
In base 10, what is -391112 - 137?
-391249
In base 7, what is -3 - -52352242?
52352236
In base 13, what is -2471 - 83aa2?
-86243
In base 8, what is -14257126 - -7?
-14257117
In base 16, what is -119a - 150e?
-26a8
In base 8, what is -342362 + -130?
-342512
In base 16, what is ff - -1891c2?
1892c1
In base 4, what is -3 + -3032133213?
-3032133222
In base 2, what is 100001100 + 10101101000110100?
10101101101000000
In base 5, what is -3413324 - 1241?
-3420120
In base 3, what is 112210201211222221 - -2?
112210201212000000
In base 2, what is 10101110110 - 110000110100011?
-101110000101101
In base 6, what is 12 - -1000343334?
1000343350
In base 14, what is 112 + -1249b?
-12389
In base 11, what is -3 + -420954a?
-4209552
In base 2, what is 100000 + -1001110011000010001?
-1001110010111110001
In base 9, what is 208423 + 177?
208611
In base 2, what is 100101010110011001 - 1101000010?
100101001001010111
In base 11, what is -6 + -1a113834?
-1a11383a
In base 2, what is -1001001100101 + -10100000110011?
-11101010011000
In base 11, what is 911 - -31556?
32367
In base 3, what is 121110 - 1202111221222?
-1202111100112
In base 2, what is 10 - -1100100001101111010100?
1100100001101111010110
In base 15, what is -e - 4021a8e?
-4021a9d
In base 11, what is -5501103 - 4?
-5501107
In base 4, what is -20320 + 20113110?
20032130
In base 12, what is -a067 - a?
-a075
In base 8, what is -1550374 - -7007?
-1541365
In base 7, what is 14566012 - -566?
14566611
In base 7, what is -23 - 1651365?
-1651421
In base 9, what is -7563210 + -222?
-7563432
In base 13, what is 2932 - 270?
2692
In base 3, what is 10210012 + 201002?
11111021
In base 3, what is -100122211011022211 - -11?
-100122211011022200
In base 14, what is 128cb10 - -4?
128cb14
In base 3, what is -20212010 - 2200?
-20221210
In base 7, what is 2 + -1221533124?
-1221533122
In base 15, what is a87 - 3c?
a4a
In base 13, what is -54 + 4a556?
4a502
In base 2, what is 11100010 + -10111011101110110?
-10111011010010100
In base 14, what is 82b5a + -210?
8294a
In base 4, what is 221212321 - -3013?
221222000
In base 7, what is -2 - 44312225?
-44312230
In base 6, what is -13000 + 212534?
155534
In base 14, what is -34b4ac18 + 2?
-34b4ac16
In base 11, what is 41a31 - 723?
41309
In base 13, what is -2ac67b08 - 4?
-2ac67b0c
In base 9, what is 3582 - -4776?
8468
In base 7, what is -6564 + -12256?
-22153
In base 6, what is 2 - -1044521040?
1044521042
In base 15, what is -7 - -201466?
20145e
In base 8, what is -516126450 + -4?
-516126454
In base 13, what is 12 + 3c8295?
3c82a7
In base 10, what is 271 + 1388?
1659
In base 7, what is -616 + 21030?
20111
In base 9, what is -54766 + -28?
-54805
In base 5, what is -13 - 23143130224?
-23143130242
In base 8, what is -364 - -132405?
132021
In base 15, what is 88 + a9c0?
aa58
In base 14, what is -30a4b7 - 54?
-30a52b
In base 15, what is -63 - -3e7664?
3e7601
In base 14, what is 48d + 25a43?
260d2
In base 3, what is 2122 - 10020121102122?
-10020121100000
In base 11, what is 1a0 + -14822?
-14632
In base 14, what is 4318 - -2954?
6c6c
In base 2, what is -10010011010100000011010010101 - -1?
-10010011010100000011010010100
In base 14, what is -145 - 7b98?
-7cdd
In base 2, what is -101011100011111001 - -1101011111?
-101011010110011010
In base 8, what is -573435 - 56?
-573513
In base 11, what is -37a - 1256a6?
-125a75
In base 13, what is -4 - -16349a61?
16349a5a
In base 16, what is -e8e9 + 110?
-e7d9
In base 5, what is 1323 + -130300040?
-130243212
In base 9, what is -24 - 16423224?
-16423248
In base 14, what is -30ddb + b?
-30dd0
In base 12, what is -a87 - -4322?
3457
In base 4, what is 122100130210 - 11?
122100130133
In base 12, what is 53b569 + 32?
53b59b
In base 15, what is -236610 + -15?
-236625
In base 3, what is -2021202 + 1102001210?
1022210001
In base 16, what is 4f6272 - 2?
4f6270
In base 9, what is 1858 - 47743?
-45774
In base 14, what is -15 + -a6346?
-a635b
In base 3, what is -2210210211020 - -2110?
-2210210201210
In base 8, what is -1503553 - 11?
-1503564
In base 6, what is -1 + -351022254?
-351022255
In base 13, what is -49 - 128247?
-128293
In base 3, what is -212 - 2210002210?
-2210010122
In base 12, what is -2 + 3b0917b?
3b09179
In base 12, what is 1 + -555430a?
-5554309
In base 8, what is -4 - -21266773?
21266767
In base 14, what is 15ac49 + 6c8?
15b533
In base 5, what is -114221 + 121213?
1442
In base 15, what is 7a - 28a86?
-28a0b
In base 13, what is -31a493a + 18?
-31a4922
In base 2, what is 1101110000 + 1111111001001010010?
1111111010111000010
In base 2, what is -11001011011001 - -110101?
-11001010100100
In base 6, what is 5553001140 - 21?
5553001115
In base 5, what is 3200203023 - -12?
3200203040
In base 4, what is 1032 + 110011300103?
110011301201
In base 2, what is 11 - 11000011001101001000000?
-11000011001101000111101
In base 5, what is -1420 + -104414343?
-104421313
In base 13, what is -3b6 - a797?
-ab80
In base 10, what is -16 - 395397?
-395413
In base 6, what is -4504401 - -110?
-4504251
In base 6, what is -1033540135 - 4?
-1033540143
In base 9, what is -81152225 + -5?
-81152231
In base 9, what is 3 + 1258053?
1258056
In base 12, what is -44 - 733a?
-7382
In base 12, what is -70888 - -47?
-70841
In base 8, what is 4 + 122014243?
122014247
In base 7, what is -4121 - -146305?
142154
In base 13, what is b5889 - -10?
b5899
In base 11, what is -1156 + 91130?
8aa85
In base 12, what is -23193 - 402?
-23595
In base 10, what is 9 - -60840123?
60840132
In base 16, what is 3 + df246a?
df246d
In base 7, what is 24543036 - 2?
24543034
In base 9, what is 6746 - 27506?
-20650
In base 14, what is 704 + -ca?
618
In base 12, what is -3aba176 - 3?
-3aba179
In base 11, what is 823992 - -8?
82399a
In base 6, what is -13422045 - -140?
-13421505
In base 2, what is 1100000111001 + -100000011010?
1000000011111
In base 16, what is 34 - -389312?
389346
In base 5, what is -104004233 + 3?
-104004230
In base 5, what is -34342013 + -20?
-34342033
In base 10, what is 93 - 237997?
-237904
In base 4, what is -1210333301 - 11013?
-1211010320
In base 8, what is 204 + 1733240?
1733444
In base 11, what is 782 - 406980?
-4061a9
In base 13, what is 109ba - -5b?
10a48
In base 4, what is 20020 + 1323201?
2003221
In base 5, what is 1 + -102432301?
-102432300
In base 7, what is -45232110 - -53?
-45232024
In base 9, what is 0 + -8356351?
-8356351
In base 15, what is -7 + e2eee?
e2ee7
In base 9, what is -3 + -37486088?
-37486102
In base 15, what is -d1 + 238ca?
237e9
In base 12, what is 6191b7 + 3?
6191ba
In base 4, what is 2231232 + -21121313?
-12230021
In base 10, what is -799114 + -11?
-799125
In base 2, what is -11 + 10001010001100110010010?
10001010001100110001111
In base 14, what is 1 - 44095a?
-440959
In base 2, what is 1000011100110000111101 + -110?
1000011100110000110111
In base 2, what is -10011100010111000101010011 + -1?
-10011100010111000101010100
In base 3, what is 10121 + -210222?
-200101
In base 4, what is 1213101 + -222300012?
-221020311
In base 15, what is -de - 1d29c?
-1d38b
In base 6, what is -4 + 3420305425?
3420305421
In base 4, what is -103 + 1301201000?
1301200231
In base 16, what is -597e - d1e?
-669c
In base 3, what is -1020212111112 + 11?
-1020212111101
In base 13, what is -1943 - 9285?
-abc8
In base 15, what is -38be519 - 1?
-38be51a
In base 12, what is -1434 - -3536?
2102
In base 11, what is -54a091 + -5?
-54a096
In base 12, what is -1 - -149264?
149263
In base 16, what is 28 + 8cd7c5?
8cd7ed
In base 15, what is 16e996e + 4a?
16e99b9
In base 3, what is -122202100022 - -11102?
-122202011220
In base 2, what is 100100001 + 100101000110000?
100101101010001
In base 2, what is 100 - -1001010010001101101111?
1001010010001101110011
In base 14, what is 3c987d9 + -1?
3c987d8
In base 12, what is aa9 - -33947?
34834
In base 12, 